atest common factor of 63301555 and 25.
5
Calculate the highest common factor of 23968 and 58160.
16
What is the highest common divisor of 60 and 26622380?
20
Calculate the highest common factor of 250 and 182519375.
125
What is the highest common divisor of 105139 and 10199?
47
Calculate the highest common factor of 340 and 2734760.
20
What is the greatest common divisor of 77891088 and 2904?
2904
Calculate the greatest common divisor of 115 and 219530630.
115
What is the greatest common factor of 8060 and 1933780?
620
What is the highest common factor of 15912 and 793832?
1768
What is the greatest common factor of 2226536 and 2981?
271
What is the highest common divisor of 36902189 and 46?
23
What is the highest common factor of 1291355 and 41080?
65
What is the highest common divisor of 5389548 and 24?
12
Calculate the greatest common factor of 1526737 and 1789873.
2741
Calculate the highest common divisor of 46341154 and 8197.
1171
What is the greatest common factor of 4590325 and 250325?
775
What is the greatest common factor of 7272 and 199896?
24
What is the greatest common factor of 66337026 and 2968?
742
Calculate the greatest common factor of 105910 and 19313.
623
Calculate the greatest common factor of 1096 and 49987464.
1096
Calculate the greatest common divisor of 31321391 and 579.
193
What is the greatest common divisor of 64044772 and 11?
11
Calculate the highest common factor of 2872123 and 1378.
53
Calculate the highest common factor of 12675314 and 64446.
934
What is the greatest common divisor of 2180 and 1083260?
20
Calculate the highest common divisor of 5760464 and 56816.
848
What is the highest common factor of 140710 and 305?
5
What is the highest common divisor of 1397325 and 281325?
2325
Calculate the highest common factor of 67469571 and 2457.
351
Calculate the highest common factor of 13 and 1418672931.
13
What is the highest common factor of 154 and 37432692?
22
Calculate the greatest common divisor of 656896 and 34641.
1283
What is the highest common factor of 28 and 5463283?
7
What is the highest common divisor of 37335 and 463695?
285
What is the greatest common divisor of 368 and 139407991?
23
What is the highest common divisor of 7055700 and 3045?
435
Calculate the greatest common factor of 19521254 and 1206.
134
Calculate the highest common divisor of 2795287 and 55.
11
What is the greatest common divisor of 6122 and 19079213?
3061
Calculate the highest common divisor of 32 and 9710548.
4
What is the highest common factor of 391 and 755633?
17
What is the highest common divisor of 40872 and 97566573?
5109
What is the highest common factor of 10836 and 55782180?
1548
What is the highest common divisor of 1522357587 and 963?
963
Calculate the greatest common divisor of 611 and 5572762.
13
Calculate the highest common factor of 205127 and 9827.
31
What is the highest common factor of 5506662 and 12117?
21
Calculate the greatest common divisor of 577330 and 12740.
130
What is the greatest common factor of 869 and 706810709?
869
What is the greatest common divisor of 28 and 307950174?
14
What is the highest common factor of 537 and 81361944?
537
What is the highest common factor of 303628860 and 540?
180
What is the highest common divisor of 2907664297 and 6973?
6973
What is the greatest common divisor of 1803828968 and 8?
8
What is the greatest common factor of 15048 and 18264?
24
What is the highest common factor of 834317 and 204765?
803
What is the greatest common divisor of 26986 and 52924?
262
Calculate the highest common divisor of 12712 and 1765379.
1589
Calculate the greatest common factor of 11299645 and 1700.
85
What is the greatest common factor of 28 and 21062426?
14
What is the highest common factor of 840 and 460638528?
168
What is the greatest common divisor of 21417 and 132495?
363
What is the greatest common factor of 14387366 and 1779?
593
Calculate the highest common factor of 753396176 and 128.
16
Calculate the greatest common divisor of 34 and 1202427.
17
What is the greatest common divisor of 1053 and 60619?
13
Calculate the greatest common divisor of 403 and 59617123.
31
What is the greatest common divisor of 8728230 and 58740?
2670
What is the highest common factor of 5042104 and 416?
8
Calculate the highest common factor of 70 and 87967355.
35
What is the greatest common divisor of 3904 and 3394772?
244
What is the highest common factor of 29012562 and 72?
18
What is the greatest common factor of 260 and 15570320?
20
What is the highest common factor of 696780 and 16128?
252
What is the highest common divisor of 326 and 38540698?
326
Calculate the greatest common factor of 6621884 and 184.
92
Calculate the highest common divisor of 73927 and 74464.
179
Calculate the greatest common divisor of 7203 and 175329.
21
What is the highest common divisor of 3705 and 279205?
95
Calculate the greatest common divisor of 20560 and 156796.
4
What is the greatest common factor of 6147727 and 136?
17
What is the greatest common factor of 3824966 and 10540?
1054
Calculate the highest common divisor of 14 and 466046.
14
What is the greatest common factor of 2160 and 3366940?
20
What is the greatest common factor of 2900861 and 15855?
151
What is the highest common factor of 5643790 and 213000?
710
What is the highest common factor of 650 and 134499950?
650
Calculate the greatest common factor of 7626348 and 607.
607
Calculate the highest common divisor of 303322 and 18576.
86
What is the highest common divisor of 534430 and 780?
130
What is the greatest common factor of 2589168 and 29716?
1292
Calculate the greatest common divisor of 15272 and 2891096504.
15272
What is the highest common factor of 12 and 2612876?
4
What is the highest common factor of 110 and 13277990?
110
What is the highest common factor of 2038697745 and 105?
105
Calculate the greatest common factor of 18363042 and 118.
118
Calculate the highest common divisor of 767 and 7813429.
767
Calculate the highest common divisor of 266 and 434454209.
133
What is the greatest common factor of 15816396 and 96?
12
Calculate the greatest common divisor of 22598548 and 35108.
524
Calculate the highest common factor of 4000 and 8891000.
1000
Calculate the highest common factor of 40601840 and 400.
80
Calculate the highest common divisor of 18849847 and 335.
67
What is the greatest common divisor of 356695 and 605?
5
Calculate the highest common factor of 24243480 and 2700.
180
Calculate the highest common divisor of 14378 and 56435862.
1106
What is the highest common divisor of 3754060 and 110?
10
Calculate the highest common divisor of 34850060 and 4740.
1580
Calculate the highest common divisor of 342553833 and 27.
27
Calculate the highest common divisor of 90792 and 65771238.
7566
Calculate the greatest common factor of 8126306 and 816.
34
Calculate the highest common factor of 9415 and 1139285.
35
Calculate the greatest common factor of 41404434 and 6.
6
What is the greatest common factor of 2152 and 14288204?
1076
What is the highest common factor of 51584 and 936442?
26
What is the greatest common divisor of 66 and 337347879?
33
Calculate the highest common divisor of 16493039 and 2335.
467
Calculate the greatest common divisor of 1282305 and 1470.
15
Calculate the highest common factor of 13 and 1102759944.
13
What is the greatest common factor of 544032615 and 210?
105
What is the greatest common divisor of 11 and 402338420?
11
What is the highest common factor of 1713 and 4991111?
571
Calculate the greatest common divisor of 318565 and 734773.
377
Calculate the greatest common factor of 50431925 and 9250.
925
What is the greatest common divisor of 40560 and 306228?
2028
Calculate the greatest common divisor of 1191356 and 282.
94
What is the highest common factor of 430 and 1265562670?
430
What is the greatest common factor of 1708310 and 337770?
1390
What is the highest common divisor of 88009387 and 95?
19
Calculate the greatest common factor of 2680 and 67320.
40
Calculate the highest common divisor of 1308496 and 79408.
112
Calculate the greatest common divisor of 4000 and 8855375.
125
What is the highest common factor of 780516 and 349668?
396
Calculate the highest common factor of 5459 and 1531866367.
5459
What is the highest comm